{"id":1537,"date":"2025-01-31T15:20:18","date_gmt":"2025-01-31T13:20:18","guid":{"rendered":"https:\/\/www.holidaysforu.es\/mieten\/"},"modified":"2025-05-27T15:46:47","modified_gmt":"2025-05-27T13:46:47","slug":"mieten","status":"publish","type":"page","link":"https:\/\/www.holidaysforu.es\/de\/mieten\/","title":{"rendered":"Mieten"},"content":{"rendered":"<section class=\"l-section wpb_row us_custom_9eb649e9 height_medium\"><div class=\"l-section-overlay\" style=\"background:rgba(0,0,0,0.60)\"><\/div><div class=\"l-section-h i-cf\"><div class=\"g-cols vc_row via_flex valign_top type_default stacking_default\"><div class=\"vc_col-sm-12 wpb_column vc_column_container\"><div class=\"vc_column-inner\"><div class=\"wpb_wrapper\">[vc_custom_heading text=&#8220;Vermietung von Ferienunterk\u00fcnften in M\u00e1laga&#8220; font_container=&#8220;tag:h1|text_align:center|color:%23ffffff&#8220; use_theme_fonts=&#8220;yes&#8220;]<\/div><\/div><\/div><\/div><\/div><\/section><section class=\"l-section wpb_row us_custom_5df6905d height_medium width_full\"><div class=\"l-section-h i-cf\"><div class=\"g-cols vc_row via_flex valign_top type_default stacking_default\"><div class=\"vc_col-sm-12 wpb_column vc_column_container\"><div class=\"vc_column-inner\"><div class=\"wpb_wrapper\"><div class=\"w-html\"><iframe class=\"icnea-iframe\" src=\"https:\/\/holidaysforu.icnea.net\/?idi=5\" style=\"width:100%; min-height:400px;\" scrolling=\"no\" frameborder=\"0\" onload=\"window.scrollTo(0,0)\"><\/iframe>\n<script>\nif (window.location.search) {\nconst arrival = get('arrival') || '';\nconst departure = get('departure') || '';\nconst guests = get('guests') || '';\nconst destination = get('destination') || 'all';\nconst address = get('address') || 'all';\nconst gro = get('gro') || '';\nconst idi = get('idi') || 2;\nconst typ = get('typ') || '';\nif (arrival && departure && guests) {\nconst iframe = document.querySelector('iframe.icnea-iframe');\nconst urlBase = \"https:\/\/holidaysforu.icnea.net\";\nlet qparams =\n`?idi=${idi}&arrival=${arrival}&departure=${departure}&guests=${guests}&address=${address}`;\nif (typ) {\nqparams += `&typ=${typ}`;\n}\nif (destination) {\nqparams += `&destination=${destination}`;\n}\niframe.src = urlBase + qparams;\n}\n}\nfunction get(name) {\nconst match = new RegExp('[?&]' + encodeURIComponent(name) + '=([^&]*)').exec(location.search);\nreturn match ? decodeURIComponent(match[1]) : null;\n}\n<\/script>\n\n<script src=\"https:\/\/holidaysforu.icnea.net\/assets\/js\/vendors\/iframeResizer.min.js\">\n<\/script><script>iFrameResize({log:false});<\/script><\/div><\/div><\/div><\/div><\/div><\/div><\/section>\n","protected":false},"excerpt":{"rendered":"[vc_custom_heading text=\"Vermietung von Ferienunterk\u00fcnften in M\u00e1laga\" font_container=\"tag:h1|text_align:center|color:%23ffffff\" use_theme_fonts=\"yes\"]","protected":false},"author":1,"featured_media":0,"parent":0,"menu_order":0,"comment_status":"closed","ping_status":"closed","template":"","meta":{"_acf_changed":false,"_joinchat":[],"footnotes":""},"class_list":["post-1537","page","type-page","status-publish","hentry"],"acf":[],"yoast_head":"<!-- This site is optimized with the Yoast SEO plugin v27.4 - https:\/\/yoast.com\/product\/yoast-seo-wordpress\/ -->\n<title>Touristische Unterk\u00fcnfte in M\u00e1laga | Die besten Wohnungen<\/title>\n<meta name=\"description\" content=\"Entdecken Sie unsere Auswahl an Unterk\u00fcnften in M\u00e1laga. Finden Sie den idealen Ort f\u00fcr Ihren Kurzurlaub und erleben Sie einen unvergesslichen Urlaub an der Costa del Sol.\" \/>\n<meta name=\"robots\" content=\"index, follow, max-snippet:-1, max-image-preview:large, max-video-preview:-1\" \/>\n<link rel=\"canonical\" href=\"https:\/\/www.holidaysforu.es\/de\/mieten\/\" \/>\n<meta property=\"og:locale\" content=\"de_DE\" \/>\n<meta property=\"og:type\" content=\"article\" \/>\n<meta property=\"og:title\" content=\"Touristische Unterk\u00fcnfte in M\u00e1laga | Die besten Wohnungen\" \/>\n<meta property=\"og:description\" content=\"Entdecken Sie unsere Auswahl an Unterk\u00fcnften in M\u00e1laga. Finden Sie den idealen Ort f\u00fcr Ihren Kurzurlaub und erleben Sie einen unvergesslichen Urlaub an der Costa del Sol.\" \/>\n<meta property=\"og:url\" content=\"https:\/\/www.holidaysforu.es\/de\/mieten\/\" \/>\n<meta property=\"og:site_name\" content=\"Holidays for U\" \/>\n<meta property=\"article:modified_time\" content=\"2025-05-27T13:46:47+00:00\" \/>\n<meta name=\"twitter:card\" content=\"summary_large_image\" \/>\n<meta name=\"twitter:label1\" content=\"Gesch\u00e4tzte Lesezeit\" \/>\n\t<meta name=\"twitter:data1\" content=\"1\u00a0Minute\" \/>\n<!-- \/ Yoast SEO plugin. -->","yoast_head_json":{"title":"Touristische Unterk\u00fcnfte in M\u00e1laga | Die besten Wohnungen","description":"Entdecken Sie unsere Auswahl an Unterk\u00fcnften in M\u00e1laga. Finden Sie den idealen Ort f\u00fcr Ihren Kurzurlaub und erleben Sie einen unvergesslichen Urlaub an der Costa del Sol.","robots":{"index":"index","follow":"follow","max-snippet":"max-snippet:-1","max-image-preview":"max-image-preview:large","max-video-preview":"max-video-preview:-1"},"canonical":"https:\/\/www.holidaysforu.es\/de\/mieten\/","og_locale":"de_DE","og_type":"article","og_title":"Touristische Unterk\u00fcnfte in M\u00e1laga | Die besten Wohnungen","og_description":"Entdecken Sie unsere Auswahl an Unterk\u00fcnften in M\u00e1laga. Finden Sie den idealen Ort f\u00fcr Ihren Kurzurlaub und erleben Sie einen unvergesslichen Urlaub an der Costa del Sol.","og_url":"https:\/\/www.holidaysforu.es\/de\/mieten\/","og_site_name":"Holidays for U","article_modified_time":"2025-05-27T13:46:47+00:00","twitter_card":"summary_large_image","twitter_misc":{"Gesch\u00e4tzte Lesezeit":"1\u00a0Minute"},"schema":{"@context":"https:\/\/schema.org","@graph":[{"@type":"WebPage","@id":"https:\/\/www.holidaysforu.es\/de\/mieten\/","url":"https:\/\/www.holidaysforu.es\/de\/mieten\/","name":"Touristische Unterk\u00fcnfte in M\u00e1laga | Die besten Wohnungen","isPartOf":{"@id":"https:\/\/www.holidaysforu.es\/de\/#website"},"datePublished":"2025-01-31T13:20:18+00:00","dateModified":"2025-05-27T13:46:47+00:00","description":"Entdecken Sie unsere Auswahl an Unterk\u00fcnften in M\u00e1laga. Finden Sie den idealen Ort f\u00fcr Ihren Kurzurlaub und erleben Sie einen unvergesslichen Urlaub an der Costa del Sol.","breadcrumb":{"@id":"https:\/\/www.holidaysforu.es\/de\/mieten\/#breadcrumb"},"inLanguage":"de","potentialAction":[{"@type":"ReadAction","target":["https:\/\/www.holidaysforu.es\/de\/mieten\/"]}]},{"@type":"BreadcrumbList","@id":"https:\/\/www.holidaysforu.es\/de\/mieten\/#breadcrumb","itemListElement":[{"@type":"ListItem","position":1,"name":"Portada","item":"https:\/\/www.holidaysforu.es\/de\/startseite\/"},{"@type":"ListItem","position":2,"name":"Mieten"}]},{"@type":"WebSite","@id":"https:\/\/www.holidaysforu.es\/de\/#website","url":"https:\/\/www.holidaysforu.es\/de\/","name":"Holidays for U","description":"","potentialAction":[{"@type":"SearchAction","target":{"@type":"EntryPoint","urlTemplate":"https:\/\/www.holidaysforu.es\/de\/?s={search_term_string}"},"query-input":{"@type":"PropertyValueSpecification","valueRequired":true,"valueName":"search_term_string"}}],"inLanguage":"de"}]}},"_links":{"self":[{"href":"https:\/\/www.holidaysforu.es\/de\/wp-json\/wp\/v2\/pages\/1537","targetHints":{"allow":["GET"]}}],"collection":[{"href":"https:\/\/www.holidaysforu.es\/de\/wp-json\/wp\/v2\/pages"}],"about":[{"href":"https:\/\/www.holidaysforu.es\/de\/wp-json\/wp\/v2\/types\/page"}],"author":[{"embeddable":true,"href":"https:\/\/www.holidaysforu.es\/de\/wp-json\/wp\/v2\/users\/1"}],"replies":[{"embeddable":true,"href":"https:\/\/www.holidaysforu.es\/de\/wp-json\/wp\/v2\/comments?post=1537"}],"version-history":[{"count":3,"href":"https:\/\/www.holidaysforu.es\/de\/wp-json\/wp\/v2\/pages\/1537\/revisions"}],"predecessor-version":[{"id":1953,"href":"https:\/\/www.holidaysforu.es\/de\/wp-json\/wp\/v2\/pages\/1537\/revisions\/1953"}],"wp:attachment":[{"href":"https:\/\/www.holidaysforu.es\/de\/wp-json\/wp\/v2\/media?parent=1537"}],"curies":[{"name":"wp","href":"https:\/\/api.w.org\/{rel}","templated":true}]}}

<section class="l-section wpb_row us_custom_9eb649e9 height_medium"><div class="l-section-overlay" style="background:rgba(0,0,0,0.60)"></div><div class="l-section-h i-cf"><div class="g-cols vc_row via_flex valign_top type_default stacking_default"><div class="vc_col-sm-12 wpb_column vc_column_container"><div class="vc_column-inner"><div class="wpb_wrapper">[vc_custom_heading text=&#8220;Vermietung von Ferienunterkünften in Málaga&#8220; font_container=&#8220;tag:h1|text_align:center|color:%23ffffff&#8220; use_theme_fonts=&#8220;yes&#8220;]</div></div></div></div></div></section><section class="l-section wpb_row us_custom_5df6905d height_medium width_full"><div class="l-section-h i-cf"><div class="g-cols vc_row via_flex valign_top type_default stacking_default"><div class="vc_col-sm-12 wpb_column vc_column_container"><div class="vc_column-inner"><div class="wpb_wrapper"><div class="w-html"><iframe class="icnea-iframe" src="https://holidaysforu.icnea.net/?idi=5" style="width:100%; min-height:400px;" scrolling="no" frameborder="0" onload="window.scrollTo(0,0)"></iframe>
<script>
if (window.location.search) {
const arrival = get('arrival') || '';
const departure = get('departure') || '';
const guests = get('guests') || '';
const destination = get('destination') || 'all';
const address = get('address') || 'all';
const gro = get('gro') || '';
const idi = get('idi') || 2;
const typ = get('typ') || '';
if (arrival && departure && guests) {
const iframe = document.querySelector('iframe.icnea-iframe');
const urlBase = "https://holidaysforu.icnea.net";
let qparams =
`?idi=${idi}&arrival=${arrival}&departure=${departure}&guests=${guests}&address=${address}`;
if (typ) {
qparams += `&typ=${typ}`;
}
if (destination) {
qparams += `&destination=${destination}`;
}
iframe.src = urlBase + qparams;
}
}
function get(name) {
const match = new RegExp('[?&]' + encodeURIComponent(name) + '=([^&]*)').exec(location.search);
return match ? decodeURIComponent(match[1]) : null;
}
</script>

<script src="https://holidaysforu.icnea.net/assets/js/vendors/iframeResizer.min.js">
</script><script>iFrameResize({log:false});</script></div></div></div></div></div></div></section>

[vc_custom_heading text="Vermietung von Ferienunterkünften in Málaga" font_container="tag:h1|text_align:center|color:%23ffffff" use_theme_fonts="yes"]

<!-- This site is optimized with the Yoast SEO plugin v27.4 - https://yoast.com/product/yoast-seo-wordpress/ -->
<title>Touristische Unterkünfte in Málaga | Die besten Wohnungen</title>
<meta name="description" content="Entdecken Sie unsere Auswahl an Unterkünften in Málaga. Finden Sie den idealen Ort für Ihren Kurzurlaub und erleben Sie einen unvergesslichen Urlaub an der Costa del Sol." />
<meta name="robots" content="index, follow, max-snippet:-1, max-image-preview:large, max-video-preview:-1" />
<link rel="canonical" href="https://www.holidaysforu.es/de/mieten/" />
<meta property="og:locale" content="de_DE" />
<meta property="og:type" content="article" />
<meta property="og:title" content="Touristische Unterkünfte in Málaga | Die besten Wohnungen" />
<meta property="og:description" content="Entdecken Sie unsere Auswahl an Unterkünften in Málaga. Finden Sie den idealen Ort für Ihren Kurzurlaub und erleben Sie einen unvergesslichen Urlaub an der Costa del Sol." />
<meta property="og:url" content="https://www.holidaysforu.es/de/mieten/" />
<meta property="og:site_name" content="Holidays for U" />
<meta property="article:modified_time" content="2025-05-27T13:46:47+00:00" />
<meta name="twitter:card" content="summary_large_image" />
<meta name="twitter:label1" content="Geschätzte Lesezeit" />
	<meta name="twitter:data1" content="1 Minute" />
<!-- / Yoast SEO plugin. -->

Touristische Unterkünfte in Málaga | Die besten Wohnungen

Entdecken Sie unsere Auswahl an Unterkünften in Málaga. Finden Sie den idealen Ort für Ihren Kurzurlaub und erleben Sie einen unvergesslichen Urlaub an der Costa del Sol.
